{"id":1341,"date":"2023-01-19T15:05:50","date_gmt":"2023-01-19T14:05:50","guid":{"rendered":"http:\/\/mathiasdelattre.com\/wp-content\/uploads\/2017\/10\/Alpes2.jpg"},"modified":"2023-01-19T15:05:58","modified_gmt":"2023-01-19T14:05:58","slug":"montagne-3","status":"inherit","type":"attachment","link":"https:\/\/mathiasdelattre.com\/index.php\/commissions\/montagne-3\/","title":{"rendered":""},"author":1,"featured_media":0,"comment_status":"closed","ping_status":"closed","template":"","meta":[],"class_list":["post-1341","attachment","type-attachment","status-inherit","hentry"],"jetpack_sharing_enabled":true,"description":{"rendered":"<p class=\"attachment\"><a href='https:\/\/mathiasdelattre.com\/wp-content\/uploads\/2017\/10\/Alpes2.jpg' rel=\"lightbox[gallery-0] lightbox-0\" data-lbwps-width=\"1024\" data-lbwps-height=\"1024\" data-lbwps-srcsmall=\"https:\/\/mathiasdelattre.com\/wp-content\/uploads\/2017\/10\/Alpes2.jpg\" rel=\"magnific\"><img fetchpriority=\"high\" decoding=\"async\" width=\"300\" height=\"300\" src=\"data:image\/gif;base64,R0lGODlhAQABAAAAACH5BAEKAAEALAAAAAABAAEAAAICTAEAOw==\" class=\"attachment-medium size-medium thb-lazyload lazyload\" alt=\"\" sizes=\"(max-width: 300px) 100vw, 300px\" data-src=\"https:\/\/mathiasdelattre.com\/wp-content\/uploads\/2017\/10\/Alpes2-300x300.jpg\" data-sizes=\"auto\" data-srcset=\"https:\/\/mathiasdelattre.com\/wp-content\/uploads\/2017\/10\/Alpes2-300x300.jpg 300w, https:\/\/mathiasdelattre.com\/wp-content\/uploads\/2017\/10\/Alpes2-150x150.jpg 150w\" \/><\/a><\/p>\n"},"caption":{"rendered":""},"alt_text":"","media_type":"image","mime_type":"image\/jpeg","media_details":{"width":1024,"height":1024,"file":"2017\/10\/Alpes2.jpg","sizes":{"thumbnail":{"file":"Alpes2-150x150.jpg","width":150,"height":150,"mime_type":"image\/jpeg","source_url":"https:\/\/mathiasdelattre.com\/wp-content\/uploads\/2017\/10\/Alpes2-150x150.jpg"},"medium":{"file":"Alpes2-300x300.jpg","width":300,"height":300,"mime_type":"image\/jpeg","source_url":"https:\/\/mathiasdelattre.com\/wp-content\/uploads\/2017\/10\/Alpes2-300x300.jpg"},"medium_large":{"file":"Alpes2-768x768.jpg","width":768,"height":768,"mime_type":"image\/jpeg","source_url":"https:\/\/mathiasdelattre.com\/wp-content\/uploads\/2017\/10\/Alpes2-768x768.jpg"},"full":{"file":"Alpes2.jpg","width":1024,"height":1024,"mime_type":"image\/jpeg","source_url":"https:\/\/mathiasdelattre.com\/wp-content\/uploads\/2017\/10\/Alpes2.jpg"}},"image_meta":{"aperture":"0","credit":"\u00a9Mathias de Lattre2012","camera":"","caption":"paysage de campagne, r\u00e9alis\u00e9 dans une voiture en mouvement sur la route pour aller \u00e0 la montagne,  avec un Nikon FM et un 50mn.","created_timestamp":"1324909757","copyright":"\u00a92012Mathias de Lattre","focal_length":"0","iso":"0","shutter_speed":"0","title":"Montagne","orientation":"1","keywords":["paysage","campagne","couleurs","nature","hiver","vitesse","\u00a9Mathias de Lattre2012","ciel","lumi\u00e8re","soleil","nuages","voyage","ski","arbres","habitations","neige","sapins","neige"]}},"post":22,"source_url":"https:\/\/mathiasdelattre.com\/wp-content\/uploads\/2017\/10\/Alpes2.jpg","_links":{"self":[{"href":"https:\/\/mathiasdelattre.com\/index.php\/wp-json\/wp\/v2\/media\/1341","targetHints":{"allow":["GET"]}}],"collection":[{"href":"https:\/\/mathiasdelattre.com\/index.php\/wp-json\/wp\/v2\/media"}],"about":[{"href":"https:\/\/mathiasdelattre.com\/index.php\/wp-json\/wp\/v2\/types\/attachment"}],"author":[{"embeddable":true,"href":"https:\/\/mathiasdelattre.com\/index.php\/wp-json\/wp\/v2\/users\/1"}],"replies":[{"embeddable":true,"href":"https:\/\/mathiasdelattre.com\/index.php\/wp-json\/wp\/v2\/comments?post=1341"}]}}

paysage de campagne, réalisé dans une voiture en mouvement sur la route pour aller à la montagne,  avec un Nikon FM et un 50mn.

lumière
